{"id":163509,"date":"2026-01-26T10:37:49","date_gmt":"2026-01-26T15:37:49","guid":{"rendered":"https:\/\/www.railcan.ca\/?post_type=rc_event&#038;p=163509"},"modified":"2026-04-28T09:32:16","modified_gmt":"2026-04-28T13:32:16","slug":"women-in-rail-2026","status":"publish","type":"rc_event","link":"https:\/\/www.railcan.ca\/fr\/event\/women-in-rail-2026\/","title":{"rendered":"Les femmes du secteur ferroviaire 2026"},"content":{"rendered":"\n<figure class=\"wp-block-image size-full\"><img loading=\"lazy\" decoding=\"async\" width=\"2500\" height=\"1250\" src=\"https:\/\/www.railcan.ca\/wp-content\/uploads\/2026\/01\/RAC-WIR-RESIZE-2026-FR2-2_600x300.jpg\" alt=\"\" class=\"wp-image-164096\" srcset=\"https:\/\/www.railcan.ca\/wp-content\/uploads\/2026\/01\/RAC-WIR-RESIZE-2026-FR2-2_600x300.jpg 2500w, https:\/\/www.railcan.ca\/wp-content\/uploads\/2026\/01\/RAC-WIR-RESIZE-2026-FR2-2_600x300-300x150.jpg 300w, https:\/\/www.railcan.ca\/wp-content\/uploads\/2026\/01\/RAC-WIR-RESIZE-2026-FR2-2_600x300-1024x512.jpg 1024w, https:\/\/www.railcan.ca\/wp-content\/uploads\/2026\/01\/RAC-WIR-RESIZE-2026-FR2-2_600x300-768x384.jpg 768w, https:\/\/www.railcan.ca\/wp-content\/uploads\/2026\/01\/RAC-WIR-RESIZE-2026-FR2-2_600x300-1536x768.jpg 1536w, https:\/\/www.railcan.ca\/wp-content\/uploads\/2026\/01\/RAC-WIR-RESIZE-2026-FR2-2_600x300-2048x1024.jpg 2048w\" sizes=\"auto, (max-width: 2500px) 100vw, 2500px\" \/><\/figure>\n\n\n\n<div style=\"height:30px\" aria-hidden=\"true\" class=\"wp-block-spacer\"><\/div>\n\n\n\n<div class=\"wp-block-group event-info is-layout-flow wp-block-group-is-layout-flow\">\n<div class=\"wp-block-columns is-layout-flex wp-container-core-columns-is-layout-9d6595d7 wp-block-columns-is-layout-flex\">\n<div class=\"wp-block-column is-layout-flow wp-block-column-is-layout-flow\">\n<p><strong>Quand:<\/strong> <br>11 juin 2026<\/p>\n<\/div>\n\n\n\n<div class=\"wp-block-column is-layout-flow wp-block-column-is-layout-flow\">\n<p><strong>Emplacement:<\/strong> <br>Virtuel<\/p>\n<\/div>\n<\/div>\n<\/div>\n\n\n\n<div style=\"height:30px\" aria-hidden=\"true\" class=\"wp-block-spacer\"><\/div>\n\n\n\n<p class=\"is-style-default\"><strong>La conf\u00e9rence virtuelle femmes du secteur ferroviaire<\/strong> r\u00e9unira des professionnelles et professionnels de l\u2019ensemble du secteur ferroviaire mondial pour un \u00e9v\u00e9nement en ligne dynamique ax\u00e9 sur le leadership, l\u2019innovation et le d\u00e9veloppement de carri\u00e8re. Les participantes et participants pourront se joindre \u00e0 l\u2019\u00e9v\u00e9nement depuis n\u2019importe o\u00f9 dans le monde afin d\u2019\u00e9changer avec leurs pairs de l\u2019industrie, d\u2019\u00e9largir leur r\u00e9seau et d\u2019obtenir des perspectives de dirigeantes et dirigeants qui fa\u00e7onnent l\u2019avenir du rail. Gr\u00e2ce \u00e0 des discussions stimulantes et \u00e0 des points de vue concrets, la conf\u00e9rence explorera les plus r\u00e9cents d\u00e9veloppements du secteur tout en mettant en lumi\u00e8re l\u2019exp\u00e9rience et l\u2019expertise des femmes \u0153uvrant dans les op\u00e9rations ferroviaires et les r\u00f4les de leadership.<\/p>\n\n\n\n<p>Les s\u00e9ances examineront les mesures concr\u00e8tes que prennent les compagnies ferroviaires pour soutenir les femmes dans les op\u00e9rations, notamment des \u00e9quipements de protection individuelle adapt\u00e9s ainsi que des outils et m\u00e9thodes de travail inclusifs qui am\u00e9liorent la s\u00e9curit\u00e9, l\u2019efficacit\u00e9 et l\u2019accessibilit\u00e9 sur le terrain. Les participantes et participants entendront \u00e9galement des t\u00e9moignages de femmes travaillant dans les op\u00e9rations ferroviaires, qui partageront les d\u00e9fis rencontr\u00e9s, les le\u00e7ons apprises et les strat\u00e9gies contribuant \u00e0 la cr\u00e9ation de milieux de travail plus inclusifs. La conf\u00e9rence explorera aussi ce que signifie le leadership moderne dans l\u2019industrie ferroviaire actuelle, en mettant en valeur les qualit\u00e9s qui favorisent la cr\u00e9dibilit\u00e9 et la performance \u2014 telles que la r\u00e9silience, la responsabilisation, la collaboration et l\u2019orientation op\u00e9rationnelle \u2014 et la fa\u00e7on dont ces traits fa\u00e7onnent la prochaine g\u00e9n\u00e9ration de leaders dans le secteur ferroviaire mondial.<\/p>\n\n\n\n<p class=\"is-style-lead\"><strong>Les inscriptions sont maintenant ouvertes !<\/strong><\/p>\n\n\n\n<div class=\"wp-block-buttons is-layout-flex wp-block-buttons-is-layout-flex\">\n<div class=\"wp-block-button\"><a class=\"wp-block-button__link wp-element-button\" href=\"https:\/\/site.pheedloop.com\/event\/railcanWIR2026\/home\">Pour vous inscrire, consulter l\u2019horaire et la liste des conf\u00e9renci\u00e8res et conf\u00e9renciers, cliquez ici<\/a><\/div>\n<\/div>\n\n\n\n<hr class=\"wp-block-separator has-alpha-channel-opacity\"\/>\n\n\n\n<h3 class=\"wp-block-heading\">Possibilit\u00e9s de commandite<\/h3>\n\n\n\n<p>Positionnez votre organisation comme un soutien \u00e0 l\u2019avancement des femmes dans l\u2019industrie ferroviaire. \u00c0 titre de commanditaire de l\u2019\u00e9v\u00e9nement, vous b\u00e9n\u00e9ficierez d\u2019une visibilit\u00e9 importante avant et pendant l\u2019\u00e9v\u00e9nement, notamment :<\/p>\n\n\n\n<ul class=\"wp-block-list\">\n<li>Nom et logo du commanditaire affich\u00e9s sur la page Web de l\u2019\u00e9v\u00e9nement<\/li>\n\n\n\n<li>Nom et logo du commanditaire inclus dans l\u2019ordre du jour<\/li>\n\n\n\n<li>Logo de l\u2019entreprise affich\u00e9 sur les arri\u00e8re-plans virtuels des conf\u00e9renci\u00e8res et conf\u00e9renciers<\/li>\n\n\n\n<li>Mention sur les r\u00e9seaux sociaux de l\u2019ACFC<\/li>\n\n\n\n<li>Reconnaissance verbale pendant l\u2019\u00e9v\u00e9nement<\/li>\n<\/ul>\n\n\n\n<p>Cette commandite offre une forte visibilit\u00e9 aupr\u00e8s des leaders et des professionnels de l\u2019industrie tout en d\u00e9montrant votre engagement envers la diversit\u00e9 et le leadership dans le secteur ferroviaire.<\/p>\n\n\n\n<div class=\"wp-block-buttons is-layout-flex wp-block-buttons-is-layout-flex\">\n<div class=\"wp-block-button\"><a class=\"wp-block-button__link wp-element-button\" href=\"https:\/\/site.pheedloop.com\/portal\/event\/railcanWIR2026\/apply\/sponsor\/application#start\">Pour commanditer cet \u00e9v\u00e9nement, veuillez cliquer ici.<\/a><\/div>\n<\/div>\n","protected":false},"excerpt":{"rendered":"<p>Quand: 11 juin 2026 Emplacement: Virtuel La conf\u00e9rence virtuelle femmes du secteur ferroviaire r\u00e9unira des professionnelles et professionnels de l\u2019ensemble du secteur ferroviaire mondial pour un \u00e9v\u00e9nement en ligne dynamique ax\u00e9 sur le leadership, l\u2019innovation et le d\u00e9veloppement de carri\u00e8re. Les participantes et participants pourront se joindre \u00e0 l\u2019\u00e9v\u00e9nement depuis n\u2019importe o\u00f9 dans le monde [&hellip;]<\/p>\n","protected":false},"template":"","class_list":["post-163509","rc_event","type-rc_event","status-publish","hentry"],"acf":[],"aioseo_notices":[],"_links":{"self":[{"href":"https:\/\/www.railcan.ca\/fr\/wp-json\/wp\/v2\/rc_event\/163509","targetHints":{"allow":["GET"]}}],"collection":[{"href":"https:\/\/www.railcan.ca\/fr\/wp-json\/wp\/v2\/rc_event"}],"about":[{"href":"https:\/\/www.railcan.ca\/fr\/wp-json\/wp\/v2\/types\/rc_event"}],"wp:attachment":[{"href":"https:\/\/www.railcan.ca\/fr\/wp-json\/wp\/v2\/media?parent=163509"}],"curies":[{"name":"wp","href":"https:\/\/api.w.org\/{rel}","templated":true}]}}

<figure class="wp-block-image size-full"><img loading="lazy" decoding="async" width="2500" height="1250" src="https://www.railcan.ca/wp-content/uploads/2026/01/RAC-WIR-RESIZE-2026-FR2-2_600x300.jpg" alt="" class="wp-image-164096" srcset="https://www.railcan.ca/wp-content/uploads/2026/01/RAC-WIR-RESIZE-2026-FR2-2_600x300.jpg 2500w, https://www.railcan.ca/wp-content/uploads/2026/01/RAC-WIR-RESIZE-2026-FR2-2_600x300-300x150.jpg 300w, https://www.railcan.ca/wp-content/uploads/2026/01/RAC-WIR-RESIZE-2026-FR2-2_600x300-1024x512.jpg 1024w, https://www.railcan.ca/wp-content/uploads/2026/01/RAC-WIR-RESIZE-2026-FR2-2_600x300-768x384.jpg 768w, https://www.railcan.ca/wp-content/uploads/2026/01/RAC-WIR-RESIZE-2026-FR2-2_600x300-1536x768.jpg 1536w, https://www.railcan.ca/wp-content/uploads/2026/01/RAC-WIR-RESIZE-2026-FR2-2_600x300-2048x1024.jpg 2048w" sizes="auto, (max-width: 2500px) 100vw, 2500px" /></figure>



<div style="height:30px" aria-hidden="true" class="wp-block-spacer"></div>



<div class="wp-block-group event-info is-layout-flow wp-block-group-is-layout-flow">
<div class="wp-block-columns is-layout-flex wp-container-core-columns-is-layout-9d6595d7 wp-block-columns-is-layout-flex">
<div class="wp-block-column is-layout-flow wp-block-column-is-layout-flow">
<p><strong>Quand:</strong> <br>11 juin 2026</p>
</div>



<div class="wp-block-column is-layout-flow wp-block-column-is-layout-flow">
<p><strong>Emplacement:</strong> <br>Virtuel</p>
</div>
</div>
</div>



<div style="height:30px" aria-hidden="true" class="wp-block-spacer"></div>



<p class="is-style-default"><strong>La conférence virtuelle femmes du secteur ferroviaire</strong> réunira des professionnelles et professionnels de l’ensemble du secteur ferroviaire mondial pour un événement en ligne dynamique axé sur le leadership, l’innovation et le développement de carrière. Les participantes et participants pourront se joindre à l’événement depuis n’importe où dans le monde afin d’échanger avec leurs pairs de l’industrie, d’élargir leur réseau et d’obtenir des perspectives de dirigeantes et dirigeants qui façonnent l’avenir du rail. Grâce à des discussions stimulantes et à des points de vue concrets, la conférence explorera les plus récents développements du secteur tout en mettant en lumière l’expérience et l’expertise des femmes œuvrant dans les opérations ferroviaires et les rôles de leadership.</p>



<p>Les séances examineront les mesures concrètes que prennent les compagnies ferroviaires pour soutenir les femmes dans les opérations, notamment des équipements de protection individuelle adaptés ainsi que des outils et méthodes de travail inclusifs qui améliorent la sécurité, l’efficacité et l’accessibilité sur le terrain. Les participantes et participants entendront également des témoignages de femmes travaillant dans les opérations ferroviaires, qui partageront les défis rencontrés, les leçons apprises et les stratégies contribuant à la création de milieux de travail plus inclusifs. La conférence explorera aussi ce que signifie le leadership moderne dans l’industrie ferroviaire actuelle, en mettant en valeur les qualités qui favorisent la crédibilité et la performance — telles que la résilience, la responsabilisation, la collaboration et l’orientation opérationnelle — et la façon dont ces traits façonnent la prochaine génération de leaders dans le secteur ferroviaire mondial.</p>



<p class="is-style-lead"><strong>Les inscriptions sont maintenant ouvertes !</strong></p>



<div class="wp-block-buttons is-layout-flex wp-block-buttons-is-layout-flex">
<div class="wp-block-button"><a class="wp-block-button__link wp-element-button" href="https://site.pheedloop.com/event/railcanWIR2026/home">Pour vous inscrire, consulter l’horaire et la liste des conférencières et conférenciers, cliquez ici</a></div>
</div>



<hr class="wp-block-separator has-alpha-channel-opacity"/>



<h3 class="wp-block-heading">Possibilités de commandite</h3>



<p>Positionnez votre organisation comme un soutien à l’avancement des femmes dans l’industrie ferroviaire. À titre de commanditaire de l’événement, vous bénéficierez d’une visibilité importante avant et pendant l’événement, notamment :</p>



<ul class="wp-block-list">
<li>Nom et logo du commanditaire affichés sur la page Web de l’événement</li>



<li>Nom et logo du commanditaire inclus dans l’ordre du jour</li>



<li>Logo de l’entreprise affiché sur les arrière-plans virtuels des conférencières et conférenciers</li>



<li>Mention sur les réseaux sociaux de l’ACFC</li>



<li>Reconnaissance verbale pendant l’événement</li>
</ul>



<p>Cette commandite offre une forte visibilité auprès des leaders et des professionnels de l’industrie tout en démontrant votre engagement envers la diversité et le leadership dans le secteur ferroviaire.</p>



<div class="wp-block-buttons is-layout-flex wp-block-buttons-is-layout-flex">
<div class="wp-block-button"><a class="wp-block-button__link wp-element-button" href="https://site.pheedloop.com/portal/event/railcanWIR2026/apply/sponsor/application#start">Pour commanditer cet événement, veuillez cliquer ici.</a></div>
</div>

<p>Quand: 11 juin 2026 Emplacement: Virtuel La conférence virtuelle femmes du secteur ferroviaire réunira des professionnelles et professionnels de l’ensemble du secteur ferroviaire mondial pour un événement en ligne dynamique axé sur le leadership, l’innovation et le développement de carrière. Les participantes et participants pourront se joindre à l’événement depuis n’importe où dans le monde [&hellip;]</p>
